3*a + a - 4*a**2 - 6*a**3 + 6*a**3. What is s(-4)?
8
Let b = -3 + 4. Let p(m) = m - 4*m + b + 4*m. Let g(s) = s**3 - 4*s**2 - 2*s + 3. Let z be g(4). Give p(z).
-4
Let g(m) = m**2 - 4*m - 1. Let v = 2 - 11. Suppose 26 = -4*o + 2. Let r be (-3)/(v/o) - -6. What is g(r)?
-1
Let y(i) = -i**2 - 3*i + 2. Let p = -3 + 5. Suppose -p*f = d - 5*f + 8, 2*d + 20 = 2*f. Let r = 8 + d. Calculate y(r).
2
Let v(h) = -h - 1. Let u(c) = -2*c**2 + c + 4. Let p(j) = u(j) + 4*v(j). Let f be p(-2). Let i(z) = 2*z**3 + z**2 - 2*z - 1. Calculate i(f).
-9
Let n(r) = r**2 + 6*r + 2. Let x = 17 - 6. Suppose -2*d + 7 = -5. Let y = d - x. Calculate n(y).
-3
Let b(n) = -4*n - 4. Let o(u) = 7*u + 7. Let z(g) = -5*b(g) - 3*o(g). What is z(3)?
-4
Suppose 3*y = y + 2*i - 12, -i = 2. Let w(n) = -2*n**3 + 7*n**2 - 6*n - 2. Let u(z) = -z**3 + z + 1. Let g(d) = -3*u(d) + w(d). What is g(y)?
3
Let b(o) = 3*o - 1. Let f be (2 - 4) + 1/1. Determine b(f).
-4
Let v(l) = -7*l**2 + 3*l + 2. Let o(z) = -z**2 + z + 1. Let q(a) = -2*o(a) + v(a). Give q(1).
-4
Let o(d) = d**2 + 5*d. Let g(n) = -n. Let l be ((-2)/4)/(1/2). Let c(v) = l*o(v) - 2*g(v). Calculate c(-5).
-10
Suppose -5*y + 10 = -10*y. Let b(i) = i - 3. Let t(a) = a + 1. Let p(o) = 1. Let v(l) = p(l) - t(l). Let k(z) = y*v(z) - b(z). What is k(-3)?
0
Let h(r) = 22*r - 3. Let u(b) = 7*b - 1. Let d(l) = -2*h(l) + 7*u(l). What is d(-2)?
-11
Let f(s) = -s**2 + 1. Let l(w) be the third derivative of -w**6/120 + w**5/10 + w**4/24 - 7*w**3/6 + 4*w**2. Let r be l(6). Determine f(r).
0
Let a(z) = -5*z**3 - 9*z**2 - 5*z + 3. Let c(t) = -t**3 - t**2. Let p(b) = a(b) - 6*c(b). Calculate p(4).
-1
Suppose 3*q - q = -18. Let j = q - -11. Let k(z) = 10*z - 6. Let p(i) = -21*i + 13. Let n(b) = 13*k(b) + 6*p(b). What is n(j)?
8
Let f = 2 + -2. Let h(z) = -z**2 + 2*z + 7. Let q(j) = -5*j**2 + 11*j + 36. Let o be 2/(1*-2)*2. Let d(n) = o*q(n) + 11*h(n). Determine d(f).
5
Let i(r) = -r**3 + 12*r + 11. Let z be i(4). Let c(d) be the second derivative of -d**5/20 - 5*d**4/12 + d**3/6 - 3*d**2 + d. What is c(z)?
-11
Let g(f) = 3*f + f - 3*f + 1. Let m = 8 - 7. Let i(c) = c**2 - 9. Let r(l) = m*g(l) + i(l). What is r(0)?
-8
Let a(g) = g + 2 - 5 + 0*g. Let m(x) = -x + 1. Let w be m(-1). Let l be (-12)/6*w/(-1). Give a(l).
1
Let h(q) = q + 4. Let i(j) = 13*j - 9*j + 5 - 10*j + j**2. Let u be i(5). What is h(u)?
4
Let f(m) = m + 13. Let t be f(-6). Suppose -r + 2 = 0, t*r - 5*r - 4 = v. Let y(q) = q**3 - q**2 + 1. What is y(v)?
1
Let d(h) = h - 1. Let v be d(5). Let c(x) = -2*x + 5. Give c(v).
-3
Let c(s) = -3*s + 8*s**2 - 12 + 6 - 2*s - s**3. Give c(7).
8
Suppose 2*m + 2*m = 28. Let r(y) = y**2 - 6*y - 5. Calculate r(m).
2
Let j(d) be the second derivative of 5/12*d**4 - 2*d + 1/2*d**2 + 1/3*d**3 + 0. Give j(-1).
4
Let j(p) be the first derivative of p**6/360 - p**5/24 + p**4/24 + 2*p**3/3 + 2. Let s(t) be the third derivative of j(t). What is s(4)?
-3
Let u(v) = v**3 + 4*v**2 - 5*v + 3. Let l(j) = -j**3 - 4*j**2 + 4*j - 3. Let o(p) = 4*l(p) + 3*u(p). Give o(-4).
-7
Let z(y) = y**3 + 4*y**2 + 3*y - 3. Let g(b) = -3*b**3 - 11*b**2 - 8*b + 8. Let j = 10 - 18. Let v(w) = j*z(w) - 3*g(w). Let n be 6*2/18*3. Calculate v(n).
12
Suppose -5 = -5*s + 5. Let o be (1 - s)*(-4 + 3). Let q = 5 - o. Let x(f) = -2*f**2 + 7*f - 4. Determine x(q).
-8
Let n(q) = -q**2 - 1 - q + 3*q + 0*q - 3*q. Let o(m) = -m**3 + 4*m**2 + 5*m + 2. Let l be o(5). Suppose 5*j + l*i = -0*j - 15, -3*i - 6 = 2*j. Determine n(j).
-7
Let c(z) be the third derivative of -z**6/24 - z**5/6 + z**4/24 + 4*z**3/3 - 5*z**2. Let f(x) = 6*x**3 + 11*x**2 - x - 9. Let u(k) = 7*c(k) + 6*f(k). Give u(3).
-4
Let q(m) = -m**3 + 4*m**2 + 4. Let w(x) = x**2 + 2*x + 1. Let t be w(-3). Let g be q(t). Let p be (g - 1)/3 - 1. Let o(j) = -j**2 - 5. Calculate o(p).
-5
Let l(r) = 11 - 6 - r**2 - 4. Let w be ((1 - 3)*-1)/(-2). Give l(w).
0
Let w = 2 + -3. Let x(i) be the first derivative of -5*i**4/4 - 2*i**3/3 + i - 5. Give x(w).
4
Let k(a) = -a**3 - 4*a**2 + 6*a + 1. Suppose 2*v + v = -3*c - 6, -3*v = -c + 22. Let q be v - (-5 + 2)/3. Give k(q).
-4
Let k be 2/2*(-14 - -21). Let m(n) = -n**3 + 7*n**2 - n + 4. Calculate m(k).
-3
Let v(n) = 0 - 4 + 3. Let c(g) = -g + 9. Let k(z) = c(z) - 2*v(z). Calculate k(5).
6
Let k(f) = -f - 1. Let t(j) = -j**2 - 4*j - 6. Suppose 3*x = -0*z - z - 15, -z = 3. Let c be t(x). What is k(c)?
5
Let b(w) = 7*w**3 - w**2 - 6*w - 5. Let a(f) = -8*f**3 + 2*f**2 + 7*f + 5. Let q(j) = -6*a(j) - 7*b(j). Suppose -10*o = -6*o + 68. Let v = o - -12. Give q(v).
5
Let a be 6/(-4)*20/(-6). Suppose -1 = -3*c + 4*c - 2*z, 25 = 2*c + a*z. Let f be (-1)/((-4)/c - -1). Let l(r) = r**3 + 5*r**2 - 2*r - 5. What is l(f)?
5
Let n(q) = -4*q - 7 + q**2 - 3*q + 14*q. Calculate n(-8).
1
Let z(m) = -m**2 - 3*m - 1. Let a = 15 + -11. Let g be (0 + 2)*(2 - a). What is z(g)?
-5
Let d(b) be the first derivative of b**4/4 + b**3 + b**2/2 - 3*b - 31. Determine d(-3).
-6
Let u be (-50)/(-12) + 7/(-42). Suppose -d + u*d - 3 = 0. Let l(t) = -t**2 + 2*t - 1. What is l(d)?
0
Let p(l) = l - 8. Let q(i) = -1 + 2*i + 4*i + 0. Let g be q(1). Give p(g).
-3
Suppose 0 = 5*t + n + 37, -t + 4 = 2*n + 6. Let q(h) = h**2 - 5*h + 5. Let z(s) = 3*s**2 - 16*s + 15. Let l(f) = t*q(f) + 3*z(f). What is l(7)?
-2
Let b(c) = -c**2 + 5*c. Let u be (-1 + 1)*2/6. Suppose 4*i + 32 = -u*i. Let p = -3 - i. Calculate b(p).
0
Let i(c) = -2*c**3 - c**2 + 1. Let k be i(1). Let s(z) = 3 - 5 - 4*z**2 + z + 4 + 5*z**2. Give s(k).
4
Let x(d) be the third derivative of -d**7/5040 - d**6/360 + d**5/20 + 8*d**2. Let l(y) be the third derivative of x(y). Give l(-2).
0
Suppose -2*j - 2*j - 20 = 0. Suppose 0 = -3*t + b - 1, t + 5*b = 26 - 5. Let k(f) = -f - 6. Let x(p) = p + 1. Let r(o) = t*k(o) - x(o). Calculate r(j).
3
Let w(q) = q**2 - 12*q + 9. Let k be (-1)/(1/(-4)*-1). Let g(l) = 5*l + 6*l - 86*l**2 + 174*l**2 - 89*l**2 - 8. Let r(y) = k*g(y) - 3*w(y). Determine r(5).
-10
Let x be 36/(-63)*(-14)/(-4). Let g(f) = -f - 2. Let p(s) = -s - 2. Let a(r) = -6*g(r) + 5*p(r). Calculate a(x).
0
Let z(r) be the first derivative of r**3/3 - r**2/2 - r - 5. Give z(2).
1
Let s(t) = 4*t**3 - 10*t**2 - 13*t - 16. Let f(m) = 3*m**3 - 7*m**2 - 9*m - 11. Let o(j) = -7*f(j) + 5*s(j). Let z be (-3)/((-28)/8*(-6)/14). What is o(z)?
5
Let y(t) be the first derivative of 3*t**2/2 - 4*t - 7. What is y(3)?
5
Let t = -8 + -2. Let m(a) = a**2 + 11*a + 5. Let i be m(t). Let l(d) = -d**2 - 4*d + 4. Calculate l(i).
-1
Let m = -17 + 20. Let l(j) = -4*j + 4. What is l(m)?
-8
Let q = -4 + 9. Suppose 0 = 5*f - 0*f - 5. Let m = f - q. Let d(u) = -u**2 - 5*u + 3. Give d(m).
7
Let i = -12 - -8. Let p(r) = -r**3 + 5*r**2 - 3*r + 2. Let m(h) = 2*h**3 - 10*h**2 + 5*h - 5. Let o(t) = i*m(t) - 7*p(t). Determine o(5).
11
Let s(b) = b**2 - 4*b - 8. Let m be 3 - (-2 + 4/(-4)). What is s(m)?
4
Let k(t) = -3*t**2 + t + 1. Let i(z) = z + 3. Let b be i(0). Suppose -4*l = 0, -2*l = -c + b - 1. Calculate k(c).
-9
Let q(p) = -p - 1. Let b = 145 + -139. What is q(b)?
-7
Let i(g) = -g - 9. Suppose -4 = -n - n. Let x(q) = -q**2 - 10*q + 2. Let y be x(-10). Suppose -y*o - n - 8 = 0. Give i(o).
-4
Let o(z) = z - 1. Let s(h) = -h + 6. Let k be s(5). Let l be o(k). Let q(v) = -v**3 - 5 - 3*v + 4*v + 0. Determine q(l).
-5
Suppose -4*h + u = 16, h + 0*h + 5*u = 17. Let a(w) be the first derivative of -w**4/4 - w**3/3 + 3*w**2/2 - 3*w - 1. Give a(h).
6
Let o(d) = -d**2 + 4*d + 1. Suppose -5*m - b - 9 = 8, -5*m - 4*b - 23 = 0. Let z be (-6)/4*16/(-3). Let a = z + m. Give o(a).
-4
Let q(a) = -5*a**2 + 3 + 2*a**2 - 10*a**3 - 2 + a**2. Calculate q(-1).
9
Suppose -2*s + 23 = -5*j, -2*s = -2*j - 3*s - 11. Let z(p) = 0 - p**3 + 0 + 3 - 5*p**2. What is z(j)?
3
Let f = 35/22 - 1/11. Let g(l) be the second derivative of 1/12*l**4 + 2/3*l**3 + 2*l + 0 + f*l**2. Calculate g(-3).
0
Let i(x) = -x - 5. Suppose 10 = -4*t - 6. What is i(t)?
-1
Let h = 27 - 22. Let u(c) = c**3 - 6*c**2 + 7*c - 2. What is u(h)?
8
Suppose -2*q + 5 + 3 = 0. Let w(j) be the third derivative of 1/30*j**5 + 0*j**q + j**2 + 0 - 1/6*j**3 + 0*j. Determine w(-1).
1
Suppose 2*b - i = -10, 8 = 4*i - 2*i. Let v(c) be the first derivative of c**3/3 - c + 1. Let y(o) = 4*o**2 - o - 3. Let x(r) = b*v(r) + y(r). Give x(3).
6
Let a(t) = t**2. Let x be a(-2). Suppose 20 